der when 56078 is divided by 2413?
579
Calculate the remainder when 536461 is divided by 10112.
525
Calculate the remainder when 94949107 is divided by 1034.
1023
Calculate the remainder when 8094745 is divided by 145.
120
Calculate the remainder when 209139883 is divided by 1313.
1304
What is the remainder when 1764947 is divided by 953?
944
Calculate the remainder when 198410285 is divided by 1895.
1890
What is the remainder when 24999 is divided by 7133?
3600
Calculate the remainder when 16886157 is divided by 92781.
15
What is the remainder when 2750700 is divided by 305591?
381
Calculate the remainder when 596493 is divided by 622.
617
What is the remainder when 120025154 is divided by 9721?
9688
Calculate the remainder when 3536426 is divided by 379.
356
What is the remainder when 98898 is divided by 803?
129
What is the remainder when 188806 is divided by 23578?
182
What is the remainder when 6365848 is divided by 43902?
58
Calculate the remainder when 5553399 is divided by 1110670.
49
Calculate the remainder when 6028577 is divided by 317282.
219
What is the remainder when 14342236 is divided by 1547?
1546
Calculate the remainder when 369486 is divided by 12285.
936
Calculate the remainder when 6420824 is divided by 32.
24
What is the remainder when 27426784 is divided by 446?
14
Calculate the remainder when 30243301 is divided by 12875.
12801
What is the remainder when 1372405 is divided by 2264?
421
Calculate the remainder when 948770 is divided by 474343.
84
Calculate the remainder when 16670709 is divided by 5556896.
21
What is the remainder when 276819 is divided by 687?
645
Calculate the remainder when 1376473 is divided by 751.
641
What is the remainder when 175531 is divided by 564?
127
What is the remainder when 336638806 is divided by 2376?
2374
What is the remainder when 2518281 is divided by 1152?
9
Calculate the remainder when 1488840 is divided by 228.
0
Calculate the remainder when 48435 is divided by 16119.
78
What is the remainder when 24044024 is divided by 1425?
1424
What is the remainder when 74162808 is divided by 445?
443
Calculate the remainder when 168270 is divided by 84131.
8
Calculate the remainder when 199617 is divided by 62.
39
Calculate the remainder when 83648576 is divided by 27882855.
11
What is the remainder when 35447158 is divided by 1476964?
22
What is the remainder when 34130371 is divided by 1277?
1269
Calculate the remainder when 10444290 is divided by 1006.
1004
What is the remainder when 3510765 is divided by 3597?
93
Calculate the remainder when 10499334 is divided by 135.
114
Calculate the remainder when 201541 is divided by 33445.
871
What is the remainder when 172963874 is divided by 19?
15
Calculate the remainder when 47118349 is divided by 7853057.
7
Calculate the remainder when 165545 is divided by 17465.
8360
What is the remainder when 1290057 is divided by 2976?
1449
Calculate the remainder when 16316389 is divided by 7.
5
Calculate the remainder when 427106 is divided by 5919.
938
Calculate the remainder when 132719 is divided by 1440.
239
What is the remainder when 3086516 is divided by 342942?
38
Calculate the remainder when 1854103 is divided by 926901.
301
What is the remainder when 20281590 is divided by 170?
80
What is the remainder when 37159672 is divided by 4644955?
32
Calculate the remainder when 16704788 is divided by 8.
4
What is the remainder when 253479 is divided by 253410?
69
Calculate the remainder when 6724328 is divided by 1530.
1508
Calculate the remainder when 57175 is divided by 549.
79
Calculate the remainder when 3627650 is divided by 989.
987
Calculate the remainder when 1207720 is divided by 295.
285
Calculate the remainder when 74930 is divided by 1309.
317
Calculate the remainder when 13482263 is divided by 1926010.
193
Calculate the remainder when 1298581 is divided by 118033.
218
What is the remainder when 3075089073 is divided by 4451?
4448
What is the remainder when 10806172 is divided by 46?
36
What is the remainder when 2270660 is divided by 75?
35
Calculate the remainder when 89190 is divided by 29565.
495
What is the remainder when 30285435 is divided by 6?
3
Calculate the remainder when 26081746 is divided by 492108.
22
What is the remainder when 28426860 is divided by 249?
24
Calculate the remainder when 683595 is divided by 135.
90
What is the remainder when 312698 is divided by 156313?
72
What is the remainder when 7842796 is divided by 11236?
68
Calculate the remainder when 1092974 is divided by 495.
14
What is the remainder when 348531074 is divided by 93?
89
What is the remainder when 18840 is divided by 18777?
63
What is the remainder when 20368 is divided by 1899?
1378
Calculate the remainder when 544878 is divided by 15135.
18
What is the remainder when 13683126 is divided by 5860?
26
Calculate the remainder when 62553267 is divided by 78.
75
What is the remainder when 68063 is divided by 1507?
248
Calculate the remainder when 8693 is divided by 212.
1
What is the remainder when 252769 is divided by 7377?
1951
What is the remainder when 51546 is divided by 12521?
1462
What is the remainder when 4270001 is divided by 15?
11
What is the remainder when 3303684 is divided by 377?
33
Calculate the remainder when 20594217 is divided by 48.
9
Calculate the remainder when 3590311 is divided by 17.
13
What is the remainder when 3752358 is divided by 1876115?
128
What is the remainder when 30661357 is divided by 26?
25
Calculate the remainder when 40483570 is divided by 21883.
20
What is the remainder when 44411675 is divided by 2271?
2270
Calculate the remainder when 15601476 is divided by 3120266.
146
Calculate the remainder when 2093374 is divided by 621.
604
What is the remainder when 68191294 is divided by 696?
694
Calculate the remainder when 53465 is divided by 2445.
2120
What is the remainder when 357372 is divided by 754?
730
What is the remainder when 23657660 is divided by 62?
10
Calculate the remainder when 289486 is divided by 6433.
1
What is the remainder when 89149169 is divided by 2713?
2702
Calculate the remainder when 775921 is divided by 387957.
7
Calculate the remainder when 2229787 is divided by 1114888.
11
What is the remainder when 359890 is divided by 329?
293
Calculate the remainder when 73073583 is divided by 3653679.
3
Calculate the remainder when 273870 is divided by 262.
80
What is the remainder when 3348299 is divided by 2368?
2315
Calculate the remainder when 48503443 is divided by 1474.
1473
Calculate the remainder when 1447535 is divided by 160835.
20
What is the remainder when 51731 is divided by 1369?
1078
What is the remainder when 430000 is divided by 429621?
379
What is the remainder when 172804 is divided by 11318?
3034
Calculate the remainder when 796253 is divided by 44235.
23
Calculate the remainder when 175983165 is divided by 1824.
1821
What is the remainder when 8595166 is divided by 45?
31
What is the remainder when 170786248 is divided by 4845?
4843
What is the remainder when 5023768 is divided by 1619?
11
What is the remainder when 20158036 is divided by 119?
31
What is the remainder when 1858547 is divided by 528?
515
Calculate the remainder when 3284591 is divided by 48.
47
What is the remainder when 74448 is divided by 5713?
179
What is the remainder when 17730473 is divided by 384?
41
What is the remainder when 1154776 is divided by 33956?
272
What is the remainder when 2931177 is divided by 198?
183
What is the remainder when 25620 is divided by 4247?
138
Calculate the remainder when 93889587 is divided by 4.
3
Calculate the remainder when 9605901 is divided by 822.
9
Calculate the remainder when 360231 is divided by 78.
27
What is the remainder when 81344 is divided by 36903?
7538
What is the remainder when 9468 is divided by 5375?
4093
What is the remainder when 187280 is divided by 1221?
467
Calculate the remainder when 24741592 is divided by 44.
40
Calculate the remainder when 4931744 is divided by 93051.
41
Calculate the remainder when 6753401 is divided by 15.
11
What is the remainder when 391982 is divided by 177?
104
What is the remainder when 1143220 is divided by 1018?
6
Calculate the remainder when 995006 is divided by 378.
110
Calculate the remainder when 80341038 is divided by 2